 Let y = 25 - 18. Let c be l(y). Let g(z) = -z**3 - 4*z**2 - z - 2. Calculate g(c).
-8
Let t(o) be the third derivative of o**5/30 - o**4/24 + o**3/6 - 74*o**2. Determine t(2).
7
Let k(x) be the second derivative of x**8/6720 - x**7/2520 + x**6/240 - x**5/120 + 5*x**4/12 + 2*x. Let z(c) be the third derivative of k(c). What is z(2)?
9
Let n be (-22)/4 - 2/(-4). Let m(s) = -s - 4. What is m(n)?
1
Let u(w) = 4*w + 4. Suppose 3*k - 40 = -7*k. Calculate u(k).
20
Let o(h) be the first derivative of -3/2*h**2 - 4*h + 1/3*h**3 + 2. Let q be (4/2)/((-6)/(-9)). Give o(q).
-4
Let p = 39 + -40. Let f(z) = z**2 + z. Suppose 2*g - 5*w + 7 = g, -6 = 2*g - 2*w. Let v(s) = -s**2 - s + 1. Let k(m) = g*f(m) + p*v(m). Determine k(-2).
-3
Let j = 3 + 3. Let s be -3 - (-2 + j + -2). Let l(u) = -u**3 - 6*u**2 - 6*u - 7. Give l(s).
-2
Let c(y) be the second derivative of 1/6*y**4 + 0 - 3*y + 1/3*y**3 + 3/2*y**2 - 1/20*y**5. Determine c(3).
0
Let r(m) = 9*m**3 + 2*m**2 + m. Let l be (2/(-1) - 2) + 3. Give r(l).
-8
Let c = 30 + -14. Let h(a) = c - 16 + 2*a. Determine h(1).
2
Suppose 2*s = 3*s - 6. Let p(n) = -s*n**2 + 5*n**2 + 2*n**2 + 4*n + 7. What is p(-5)?
12
Suppose -22 = -3*u + 4*f, -4*u - 5*f + 9 + 10 = 0. Let t = 1 - u. Let d(j) = j**2 + 4*j - 4. Give d(t).
1
Let a(m) = -m - 5. Let d be a(0). Let c(w) = 3*w - 3. Let j(i) = 8*i - 10. Let p(o) = 11*c(o) - 4*j(o). Determine p(d).
2
Let z(y) be the first derivative of -y**4/4 + 5*y**3/3 - 5*y**2/2 + 12. Give z(4).
-4
Let n(q) be the second derivative of q**5/20 - q**4/6 - q**3/2 - q**2/2 - 21*q. Determine n(3).
-1
Let y(x) = 2 + 2 - 1 + 20*x - 2. Calculate y(-1).
-19
Let l(j) be the first derivative of 1/4*j**4 - 2 - 1/2*j**2 + j**3 + 2*j. Let n be ((-1)/(-2))/((-2)/8). Determine l(n).
8
Let k(w) = -w + 9. Suppose 2*a + o = -2*o + 15, 34 = 4*a + 2*o. Give k(a).
0
Let m(o) = -o**2 - 5*o + 11. Let t(y) = 2*y**2 + 9*y - 21. Let i(j) = -11*m(j) - 6*t(j). Determine i(-4).
-15
Let p(y) be the first derivative of -y**6/120 - y**5/12 + y**3/3 - 3*y**2/2 + 4. Let m(k) be the second derivative of p(k). Give m(-5).
2
Let y(v) be the third derivative of 0*v**3 + 1/120*v**5 - 1/720*v**6 + 0 + v**2 - 1/24*v**4 + 0*v. Let s(b) be the second derivative of y(b). What is s(1)?
0
Let s(q) = -q**3 + 7*q**2 - 6*q. Let u = 5 - 13. Let h(c) = c**3 + 7*c**2 - 9*c - 5. Let g be h(u). Let f be 9/(g/(-6)*-3). Determine s(f).
0
Suppose -7*f + 8 = -3*f. Let i(d) = f - 5*d**2 - 3*d**3 + 2*d**3 - 4*d - d. Calculate i(-4).
6
Let u(g) = -2*g**3 - 2*g**2 + 2*g - 5. Let w(h) = -h**3 - h**2 + h - 1. Let x(k) = u(k) - 3*w(k). Suppose 0 = -0*q - 3*q - v - 5, 4*q - 5 = v. Determine x(q).
-2
Let a(i) = -i**2 - 2*i + 1. Suppose h - 11 = 5*r + 2*h, -3*r - 4 = -2*h. Give a(r).
1
Suppose -5*m - v - 7 = 5, 4*m - 2*v + 18 = 0. Suppose -3*h = 2*h - 15. Let a(c) = h*c + 4 - 1 - 5*c. Determine a(m).
9
Suppose -4*i = -5*m - 0*i + 12, -10 = -5*i. Let h(z) = 4*z**2 + m - 3*z**3 - z**3 - 2*z + 3*z**3. Let d be (-3)/(1 + -1 + -1). What is h(d)?
7
Let s(w) be the third derivative of 1/4*w**4 + 0*w + 0 + 0*w**3 - w**2. Determine s(-1).
-6
Let o(r) = -r**3 + 4*r**2 + r + 5. Suppose -4*s + 20 = -0*s, 0 = 2*h - s - 3. Determine o(h).
9
Suppose -c - 4 + 16 = 0. Let h be (-1)/((-51)/c + 4). Let u(q) be the first derivative of -q**2/2 - 2*q + 1. Calculate u(h).
-6
Let k be 0 + 1/((-2)/4). Let p(q) = -3 - 9*q + 8*q + 2 - 3*q**2 + q**2. Give p(k).
-7
Let r(x) = x**3 + 6*x**2 + 4*x + 2. Suppose 4*a - 132 = -4*h, -4*a + 25 = 2*h - 35. Let y = h - 16. Suppose c - y = 5*c. Calculate r(c).
7
Let g = -18 + 26. Let v(x) = x + 13. Let t be v(-9). Suppose 0 = -t*z - 5*f + 20, -5*f = 4*z - 3*f - g. Let m(l) = -l**3 + l**2 + l + 6. What is m(z)?
6
Suppose -2*f + 20 = 2*f. Suppose -f*o + 8 + 2 = 0. Let a(b) = 4*b**2 + o*b**3 + 4*b - 3 - 2*b + 0*b - 3*b**3. What is a(4)?
5
Let c = 10 + -4. Let n be (-255)/(-10) - (-3)/(-6). Suppose 0 = y - c*y + n, y = 2*m + 9. Let v(k) = 3*k + 1. Determine v(m).
-5
Let a(j) = -5*j**2 + 9*j. Let c(n) = 3*n**2 - 5*n. Let m(o) = 4*a(o) + 7*c(o). Suppose -2*h = -3*h + 2. Determine m(h).
6
Suppose 4*b - 5 = -4*s - 1, -4*s = -5*b - 13. Let v(y) be the third derivative of -y**5/30 - y**4/24 - y**3/3 - 3*y**2. What is v(s)?
-12
Let g(z) = 5 - 3 + 2 + z. Suppose -3*y + 34 = k, 2*y + 5*k - 20 = -6. Suppose 0*t - y = 4*t. Determine g(t).
1
Let p(i) = i + 6. Suppose 22*o - 20 = 26*o. Calculate p(o).
1
Let w(k) = -5*k**2 + 3*k + 8. Suppose -4*b - 12 = -b. Let a(i) = -4*i**2 + 3*i + 7. Let f(u) = b*a(u) + 3*w(u). Calculate f(3).
-4
Let b(f) = -f. Let z(i) = -i. Let o(r) = -4*b(r) + 6*z(r). What is o(-1)?
2
Suppose -5 = -t - 4*n + 2, 0 = 3*t + n - 10. Let s(r) = -r**3 + r**2 + 3*r + 3. Calculate s(t).
-6
Let b(d) be the second derivative of 0 + d**3 + d + 1/12*d**4 - 3/2*d**2. Let h = -13 - -8. Give b(h).
-8
Let p(h) = 1 + 2*h**3 + 3*h**2 - 3*h**3 - 3*h**2. What is p(0)?
1
Let x(m) = 13*m**2 + 2*m + 1. Suppose 0 = 4*y - 12. Suppose k + 2 = -2*s, y*s + 0*k = -3*k - 3. Determine x(s).
12
Suppose 9 = 5*s - h, 0 = 2*h - 0*h - 2. Let f(u) = -4*u - 6*u**s + 2*u**3 - 3*u**3 - 2*u. Determine f(-4).
-8
Let t be 1 + -1 + 2 + 2. Let s = t - 4. Let q(w) = -w**2 - 4 + 4. Calculate q(s).
0
Let g = -18 - -13. Let r(i) = -i - 4. Calculate r(g).
1
Let l(g) = g + 3. Suppose -2*k - 4 = 4. Calculate l(k).
-1
Let y(p) be the second derivative of 1/12*p**4 - 2*p + p**2 - 5/6*p**3 + 0. Let q be (1 - -1)*4/2. What is y(q)?
-2
Let n be -2*(-2)/6*30. Suppose 0*d = -5*d - n. Let p = -7 - d. Let l(z) = z**2 + 3*z + 2. Calculate l(p).
2
Let n(o) = 3*o**3 - o**3 + 71 - 75 - 3*o**3. Calculate n(0).
-4
Let o(l) = l - 18. Let z be o(13). Let h(m) = -4 + m - 2*m - 6. Give h(z).
-5
Let j be (-156)/60 - (-3)/5. Let w(p) = -7*p - 3. Give w(j).
11
Suppose -y + 2*y - 15 = 0. Suppose 2*g = -5*n - 21, -2*g - y - 3 = 4*n. Let j(h) = -h**3 - 2*h**2 - 2. What is j(g)?
7
Let f(v) = v**3 - 5*v**2 - 2*v + 1. Let d = -35 + 40. Determine f(d).
-9
Let i(c) = -6*c + 3 + 20 - c**2 - 10. Determine i(-9).
-14
Let f(a) be the third derivative of a**6/120 - a**5/10 + 7*a**3/6 - a**2. Let l(r) = -r**2 + 10*r + 21. Let t be l(10). Let x = 27 - t. Calculate f(x).
7
Let q be (-3 + 3)/(0 - -1). Let t(p) = -7 + 3*p**3 + 2*p**2 - 2*p**2 - 2*p**3 - p. Determine t(q).
-7
Suppose 0 = 3*o - 8*o + 15. Let v(d) = -3*d - 3 - 3 - d**o + 10*d + 4*d**2. Give v(5).
4
Let m(y) = 10*y + 28. Let c(w) = 3*w + 9. Let a(h) = 7*c(h) - 2*m(h). Calculate a(-8).
-1
Let k(a) = -a**2 + 7*a - 11. Let r(t) = -t - 1. Let x(l) = -k(l) + r(l). Let c be x(7). Let p(z) = -z**c + 3 - 5*z**2 + 3 + 6*z + 1 - 3. Determine p(-6).
4
Let h(d) = 7*d**2 - 12*d - 2. Let j(s) = -18*s - 2 - 3 + 2 + 10*s**2. Let u(q) = -7*h(q) + 5*j(q). Let a be (-1)/(3/(-18)) - 2. Give u(a).
-9
Let m = -21 - -29. Let b(p) = -2*p + 12. Let c be b(m). Let u(q) = q**2 + 2*q - 1. Give u(c).
7
Let x(w) = -w**3 - 5*w**2 + 6*w - 3. Suppose 0 = -5*l + 102 - 12. Suppose l = -6*h + 3*h. What is x(h)?
-3
Let s(m) = 1 + 1 + 0*m**2 - m**2. Let r(k) = -4*k + 13. Let i be r(4). Determine s(i).
-7
Let k(q) be the second derivative of -q**3/3 + 7*q**2/2 - 21*q. Let x = -14 + 10. Let y = x - -9. What is k(y)?
-3
Let u be (-4 + 2)/((-10)/15). Let o(v) = v - 3. Determine o(u).
0
Let z(n) = -n**3 + 2*n - 3. Suppose 3*v + 2 = -1. Let b = v - -5. Suppose 0 = y + b*y - 10. Give z(y).
-7
Let r(z) = -z**2 - 5*z - 7. Suppose 2*s + 4*x + 5 = 7*s, 0 = -2*x + 10. Suppose 4 = -h + 5*h. Suppose -h = -5*a + 9, -4*v - 10 = s*a. Calculate r(v).
-7
Let u(h) be the third derivative of -1/60*h**5 - 9*h**2 - 1/12*h**4 + 1/3*h**3 + 0 + 0*h - 1/120*h**6. What is u(2)?
-14
Let h(v) = -v**2 + 3*v - 1. Suppose 0 = 5*n - 25 - 0. Suppose -5*t + 5 + n = 0. Determine h(t).
1
Let t be 16 + -10 - (1 - 0). Let j(i) = -2*i + 2*i**3 + 8*i**3 + 6 - t. Determine j(1).
9
Let m be ((-10)/(-25))/(5/125). Let c(y) = y**2 - 7*y - 9. Give c(m).
21
Let h(k) = 7*k**2 + 0 - 8*k**2 + k**3 + 6 + 0*k**2 - k. Give h(0).
6
Let h(l) = 1 - 4*l**2 - 3 - 1 + 2*l**2 + 6*l. Determine h(4).
-11
Let t(f) = -f**3 + 3*f**2 + 5*f - 2. Suppose 5*y + 3*l = l + 85, 4*l - 95 = -5*y. Suppose -4*x = -9*x + y. Suppose -x = -i + 1. Determine t(i).
2
Let y(v) be the second derivative of -2*v - 1/20*v**5 + 1/12*v**4 + 0*v**3 + 0 - 1/2*v**2. What is y(2)?
-5
Let u = -6 - -1.